{"id":32,"date":"2021-02-10T13:23:05","date_gmt":"2021-02-10T12:23:05","guid":{"rendered":"http:\/\/www.merlscheid.de\/?page_id=32"},"modified":"2021-02-10T13:23:06","modified_gmt":"2021-02-10T12:23:06","slug":"klappern","status":"publish","type":"page","link":"https:\/\/www.merlscheid.de\/?page_id=32","title":{"rendered":"Klappern"},"content":{"rendered":"\n<p>Dieser katholische Brauch ersetzt in der Karwoche das L\u00e4uten der Kirchenglocken, da, der \u00dcberlieferung nach, ihre Kl\u00f6ppel am Gr\u00fcndonnerstag nach Rom geflogen sind, um dort die Osterbeichte abzulegen und bis zu Ostern zu bleiben.<\/p>\n\n\n\n<div class=\"wp-block-image\"><figure class=\"alignright size-large is-resized\"><img loading=\"lazy\" decoding=\"async\" src=\"http:\/\/www.merlscheid.de\/wp-content\/uploads\/2021\/02\/Klapper.jpg\" alt=\"Bild: Klapper\" class=\"wp-image-15\" width=\"284\" height=\"237\" srcset=\"https:\/\/www.merlscheid.de\/wp-content\/uploads\/2021\/02\/Klapper.jpg 568w, https:\/\/www.merlscheid.de\/wp-content\/uploads\/2021\/02\/Klapper-300x250.jpg 300w\" sizes=\"auto, (max-width: 284px) 100vw, 284px\" \/><\/figure><\/div>\n\n\n\n<p>Klapperm\u00e4dchen und Klapperjungen ersetzen mit h\u00f6lzernen Klappern und Ratschen morgens, mittags und abends das Angelusl\u00e4uten.<\/p>\n\n\n\n<p>Am Ostersamstag gehen die Gruppen dann von Haus zu Haus und sammeln Eier, S\u00fc\u00dfigkeiten oder Geld zur Belohnung ein und singen dabei verschiedene Spr\u00fcche.<\/p>\n","protected":false},"excerpt":{"rendered":"<p>Dieser katholische Brauch ersetzt in der Karwoche das L\u00e4uten der Kirchenglocken, da, der \u00dcberlieferung nach, ihre Kl\u00f6ppel am Gr\u00fcndonnerstag nach Rom geflogen sind, um dort die Osterbeichte abzulegen und bis zu Ostern zu bleiben. Klapperm\u00e4dchen und Klapperjungen ersetzen mit h\u00f6lzernen<\/p>\n","protected":false},"author":1,"featured_media":0,"parent":0,"menu_order":0,"comment_status":"closed","ping_status":"closed","template":"","meta":{"footnotes":""},"class_list":["post-32","page","type-page","status-publish","hentry"],"_links":{"self":[{"href":"https:\/\/www.merlscheid.de\/index.php?rest_route=\/wp\/v2\/pages\/32","targetHints":{"allow":["GET"]}}],"collection":[{"href":"https:\/\/www.merlscheid.de\/index.php?rest_route=\/wp\/v2\/pages"}],"about":[{"href":"https:\/\/www.merlscheid.de\/index.php?rest_route=\/wp\/v2\/types\/page"}],"author":[{"embeddable":true,"href":"https:\/\/www.merlscheid.de\/index.php?rest_route=\/wp\/v2\/users\/1"}],"replies":[{"embeddable":true,"href":"https:\/\/www.merlscheid.de\/index.php?rest_route=%2Fwp%2Fv2%2Fcomments&post=32"}],"version-history":[{"count":1,"href":"https:\/\/www.merlscheid.de\/index.php?rest_route=\/wp\/v2\/pages\/32\/revisions"}],"predecessor-version":[{"id":33,"href":"https:\/\/www.merlscheid.de\/index.php?rest_route=\/wp\/v2\/pages\/32\/revisions\/33"}],"wp:attachment":[{"href":"https:\/\/www.merlscheid.de\/index.php?rest_route=%2Fwp%2Fv2%2Fmedia&parent=32"}],"curies":[{"name":"wp","href":"https:\/\/api.w.org\/{rel}","templated":true}]}}